re the prime factors of 1460255181?
3, 7, 11, 167, 37853
What are the prime factors of 3023384713?
2699, 1120187
List the prime factors of 129765557.
337, 419, 919
List the prime factors of 1610922011.
19, 113, 750313
List the prime factors of 71888085.
3, 5, 1597513
List the prime factors of 1109652870.
2, 3, 5, 36988429
List the prime factors of 107390568.
2, 3, 1373, 3259
List the prime factors of 645632763.
3, 397, 542093
What are the prime factors of 217087230?
2, 3, 5, 7236241
What are the prime factors of 384254282?
2, 1171, 164071
List the prime factors of 183834740.
2, 5, 53, 173429
List the prime factors of 2856498205.
5, 11, 51936331
List the prime factors of 78788569.
4091, 19259
List the prime factors of 45506927.
4441, 10247
List the prime factors of 1582015035.
3, 5, 137, 769837
What are the prime factors of 162262985?
5, 32452597
What are the prime factors of 10622563?
7, 216787
What are the prime factors of 185993138?
2, 41, 2268209
List the prime factors of 3811575868.
2, 37, 25753891
List the prime factors of 45082264.
2, 5635283
What are the prime factors of 116750138?
2, 58375069
List the prime factors of 53977118.
2, 13, 2076043
What are the prime factors of 2684245558?
2, 19, 70638041
What are the prime factors of 9269898710?
2, 5, 79, 181, 241, 269
List the prime factors of 1873371146.
2, 89, 487, 21611
List the prime factors of 226462455.
3, 5, 1759, 2861
List the prime factors of 1597972664.
2, 17, 983, 11953
What are the prime factors of 14029315?
5, 19, 59, 2503
What are the prime factors of 3642115280?
2, 5, 41, 1110401
What are the prime factors of 15815274?
2, 3, 2635879
List the prime factors of 3349902.
2, 3, 59, 9463
List the prime factors of 56249351.
251, 224101
What are the prime factors of 507974743?
701, 724643
What are the prime factors of 5077772824?
2, 173, 3668911
List the prime factors of 691870708.
2, 5113, 33829
List the prime factors of 23169645.
3, 5, 19, 3011
What are the prime factors of 28277349?
3, 29, 325027
List the prime factors of 1732528217.
7, 31, 7984001
List the prime factors of 155117595.
3, 5, 10341173
List the prime factors of 45977623.
45977623
What are the prime factors of 70821508?
2, 23, 769799
List the prime factors of 25656650.
2, 5, 19, 113, 239
List the prime factors of 1779222378.
2, 3, 296537063
What are the prime factors of 181963873?
7, 13, 1999603
What are the prime factors of 96826169?
11, 17, 227, 2281
List the prime factors of 90533295.
3, 5, 269, 277
What are the prime factors of 187484752?
2, 7, 13, 128767
List the prime factors of 70075836.
2, 3, 17, 67, 1709
What are the prime factors of 77600542?
2, 563, 68917
What are the prime factors of 199271822?
2, 47, 2119913
List the prime factors of 481396161.
3, 160465387
List the prime factors of 9705872.
2, 11, 55147
What are the prime factors of 1646943713?
313, 5261801
List the prime factors of 1141766203.
1141766203
What are the prime factors of 2035214911?
1873, 1086607
List the prime factors of 245065774.
2, 41, 2988607
List the prime factors of 7749010.
2, 5, 774901
What are the prime factors of 87082119?
3, 131, 233, 317
List the prime factors of 34342489.
34342489
List the prime factors of 105930500.
2, 5, 13, 43, 379
What are the prime factors of 890093159?
2333, 381523
What are the prime factors of 200577999?
3, 37, 47, 38447
What are the prime factors of 8361755661?
3, 7, 398178841
What are the prime factors of 1261715456?
2, 53, 1453
What are the prime factors of 52216424?
2, 13, 502081
What are the prime factors of 4854020895?
3, 5, 181, 595951
List the prime factors of 103662015.
3, 5, 6910801
What are the prime factors of 769404973?
37, 197, 105557
List the prime factors of 31153156.
2, 43, 181123
What are the prime factors of 553249638?
2, 3, 19, 1617689
What are the prime factors of 1123006622?
2, 561503311
List the prime factors of 579484957.
579484957
List the prime factors of 50451766.
2, 127, 307, 647
What are the prime factors of 3777869049?
3, 1259289683
What are the prime factors of 801728939?
11, 6625859
List the prime factors of 59374360.
2, 5, 1484359
List the prime factors of 322862966.
2, 161431483
List the prime factors of 59717340.
2, 3, 5, 103, 3221
What are the prime factors of 147664013?
7, 21094859
What are the prime factors of 170973366?
2, 3, 28495561
List the prime factors of 991218220.
2, 5, 19, 71, 36739
What are the prime factors of 51778110?
2, 3, 5, 1725937
What are the prime factors of 39624983?
41, 966463
What are the prime factors of 8305987079?
13, 23, 4363, 6367
What are the prime factors of 6608868508?
2, 11, 13654687
List the prime factors of 2236446587.
40693, 54959
List the prime factors of 1492302892.
2, 107, 3486689
List the prime factors of 894592470.
2, 3, 5, 29819749
List the prime factors of 1414833990.
2, 3, 5, 47161133
List the prime factors of 549797334.
2, 3, 91632889
What are the prime factors of 35600536?
2, 71, 233, 269
What are the prime factors of 1990144924?
2, 3821, 130211
What are the prime factors of 1675434954?
2, 3, 23, 113, 107441
What are the prime factors of 259722871?
259722871
What are the prime factors of 1379797388?
2, 10993, 31379
List the prime factors of 68038625.
5, 107, 5087
What are the prime factors of 41987059?
17, 2469827
List the prime factors of 6394213741.
29, 137, 1609417
What are the prime factors of 48978194?
2, 24489097
What are the prime factors of 4990789?
47, 106187
What are the prime factors of 135211086?
2, 3, 2503909
List the prime factors of 1734582088.
2, 409, 530129
List the prime factors of 1006813523.
23, 43774501
List the prime factors of 248031960.
2, 3, 5, 11, 41, 4583
What are the prime factors of 1102242527?
29, 67, 8467
List the prime factors of 1141236.
2, 3, 10567
List the prime factors of 129629451.
3, 7, 881833
List the prime factors of 37720384.
2, 13, 45337
What are the prime factors of 2305867337?
41227, 55931
List the prime factors of 1766308988.
2, 3613, 122219
What are the prime factors of 4675819667?
4675819667
What are the prime factors of 315004121?
315004121
List the prime factors of 914756194.
2, 11, 167, 248981
List the prime factors of 2849756832.
2, 3, 13, 761153
List the prime factors of 7581251779.
17, 31, 14385677
List the prime factors of 90183479.
90183479
List the prime factors of 162147043.
97, 1671619
What are the prime factors of 407334815?
5, 81466963
List the prime factors of 1330547613.
3, 15737, 28183
What are the prime factors of 2739903308?
2, 547, 607, 2063
List the prime factors of 340830351.
3, 401, 94439
What are the prime factors of 756646078?
2, 31, 37, 193, 1709
What are the prime factors of 9765795?
3, 5, 13, 61, 821
List the prime factors of 19812136.
2, 19, 130343
List the prime factors of 8734061.
7, 109, 11447
What are the prime factors of 14635891?
14635891
List the prime factors of 137391836.
2, 353, 97303
List the prime factors of 2978691.
3, 41, 61, 397
List the prime factors of 875652823.
875652823
What are the prime factors of 3543059661?
3, 1181019887
List the prime factors of 295601683.
13, 241, 94351
What are the prime factors of 44855968?
2, 41, 179, 191
List the prime factors of 1427778829.
37, 1399, 27583
What are the prime factors of 102789160?
2, 5, 277, 9277
List the prime factors of 63594577.
19, 157, 21319
List the prime factors of 55474150.
2, 5, 107, 10369
What are the prime factors of 57711629?
47, 691, 1777
What are the prime factors of 152465211?
3, 16940579
What are the prime factors of 2773808630?
2, 5, 12109, 22907
What are the prime factors of 23620187?
3119, 7573
What are the prime factors of 1036877087?
1036877087
List the prime factors of 130466888.
2, 227, 71843
List the prime factors of 197094025.
5, 7883761
List the prime factors of 1238645886.
2, 3, 229, 901489
What are the prime factors of 40981944?
2, 3, 1707581
List the prime factors of 12195452.
2, 3048863
List the prime factors of 24237362.
2, 1493, 8117
List the prime factors of 788012602.
2, 13, 30308177
What are the prime factors of 136389596?
2, 7, 4871057
List the prime factors of 718664861.
718664861
List the prime factors of 10079157.
3, 11, 43, 7103
List the prime factors of 89915672.
2, 7, 11, 145967
List the prime factors of 5055329873.
11, 23, 43, 464687
What